{"id":208,"date":"2024-02-07T17:04:10","date_gmt":"2024-02-07T17:04:10","guid":{"rendered":"https:\/\/intellitoolshub.com\/?page_id=208"},"modified":"2024-02-08T16:12:28","modified_gmt":"2024-02-08T16:12:28","slug":"about-us","status":"publish","type":"page","link":"https:\/\/intellitoolshub.com\/index.php\/about-us\/","title":{"rendered":"About us"},"content":{"rendered":"\t\t<div data-elementor-type=\"wp-page\" data-elementor-id=\"208\" class=\"elementor elementor-208\">\n\t\t\t\t<div class=\"elementor-element elementor-element-e64f41c e-flex e-con-boxed e-con e-parent\" data-id=\"e64f41c\" data-element_type=\"container\" data-core-v316-plus=\"true\">\n\t\t\t\t\t<div class=\"e-con-inner\">\n\t\t\t\t\t<\/div>\n\t\t\t\t<\/div>\n\t\t<div class=\"elementor-element elementor-element-11c9ddf e-flex e-con-boxed e-con e-parent\" data-id=\"11c9ddf\" data-element_type=\"container\" data-core-v316-plus=\"true\">\n\t\t\t\t\t<div class=\"e-con-inner\">\n\t\t\t\t<div class=\"elementor-element elementor-element-73bb9b8 elementor-widget elementor-widget-heading\" data-id=\"73bb9b8\" data-element_type=\"widget\" data-widget_type=\"heading.default\">\n\t\t\t\t<div class=\"elementor-widget-container\">\n\t\t\t<style>\/*! elementor - v3.20.0 - 20-03-2024 *\/\n.elementor-heading-title{padding:0;margin:0;line-height:1}.elementor-widget-heading .elementor-heading-title[class*=elementor-size-]>a{color:inherit;font-size:inherit;line-height:inherit}.elementor-widget-heading .elementor-heading-title.elementor-size-small{font-size:15px}.elementor-widget-heading .elementor-heading-title.elementor-size-medium{font-size:19px}.elementor-widget-heading .elementor-heading-title.elementor-size-large{font-size:29px}.elementor-widget-heading .elementor-heading-title.elementor-size-xl{font-size:39px}.elementor-widget-heading .elementor-heading-title.elementor-size-xxl{font-size:59px}<\/style><div class=\"elementor-heading-title elementor-size-default\">OUR STORY<\/div>\t\t<\/div>\n\t\t\t\t<\/div>\n\t\t\t\t\t<\/div>\n\t\t\t\t<\/div>\n\t\t<div class=\"elementor-element elementor-element-a80825c e-flex e-con-boxed e-con e-parent\" data-id=\"a80825c\" data-element_type=\"container\" data-core-v316-plus=\"true\">\n\t\t\t\t\t<div class=\"e-con-inner\">\n\t\t\t\t<div class=\"elementor-element elementor-element-d149bb8 elementor-widget elementor-widget-heading\" data-id=\"d149bb8\" data-element_type=\"widget\" data-widget_type=\"heading.default\">\n\t\t\t\t<div class=\"elementor-widget-container\">\n\t\t\t<h1 class=\"elementor-heading-title elementor-size-default\">About Our Website<\/h1>\t\t<\/div>\n\t\t\t\t<\/div>\n\t\t\t\t\t<\/div>\n\t\t\t\t<\/div>\n\t\t<div class=\"elementor-element elementor-element-32683a3 e-flex e-con-boxed e-con e-parent\" data-id=\"32683a3\" data-element_type=\"container\" data-core-v316-plus=\"true\">\n\t\t\t\t\t<div class=\"e-con-inner\">\n\t\t<div class=\"elementor-element elementor-element-f7c9488 e-con-full e-flex e-con e-child\" data-id=\"f7c9488\" data-element_type=\"container\">\n\t\t\t\t<div class=\"elementor-element elementor-element-7067416 elementor-widget__width-auto elementor-widget elementor-widget-text-editor\" data-id=\"7067416\" data-element_type=\"widget\" data-widget_type=\"text-editor.default\">\n\t\t\t\t<div class=\"elementor-widget-container\">\n\t\t\t<style>\/*! elementor - v3.20.0 - 20-03-2024 *\/\n.elementor-widget-text-editor.elementor-drop-cap-view-stacked .elementor-drop-cap{background-color:#69727d;color:#fff}.elementor-widget-text-editor.elementor-drop-cap-view-framed .elementor-drop-cap{color:#69727d;border:3px solid;background-color:transparent}.elementor-widget-text-editor:not(.elementor-drop-cap-view-default) .elementor-drop-cap{margin-top:8px}.elementor-widget-text-editor:not(.elementor-drop-cap-view-default) .elementor-drop-cap-letter{width:1em;height:1em}.elementor-widget-text-editor .elementor-drop-cap{float:left;text-align:center;line-height:1;font-size:50px}.elementor-widget-text-editor .elementor-drop-cap-letter{display:inline-block}<\/style>\t\t\t\t<p><span style=\"caret-color: #242424; color: #242424; font-family: 'Fira Sans', system-ui, -apple-system, 'Segoe UI', Roboto, 'Helvetica Neue', Arial, 'Noto Sans', sans-serif, 'Apple Color Emoji', 'Segoe UI Emoji', 'Segoe UI Symbol', 'Noto Color Emoji'; font-size: 18px;\">Welcome to IntelliTools Hub! We are a platform dedicated to providing you with the latest and most innovative AI tools available on the market today. Our team is passionate about technology and understands the growing need for businesses and individuals to integrate AI into their daily operations.<\/span><\/p><p><span style=\"color: #242424; font-family: 'Fira Sans', system-ui, -apple-system, 'Segoe UI', Roboto, 'Helvetica Neue', Arial, 'Noto Sans', sans-serif, 'Apple Color Emoji', 'Segoe UI Emoji', 'Segoe UI Symbol', 'Noto Color Emoji'; font-size: 18px; font-variant-ligatures: normal; orphans: 2; widows: 2; text-decoration-thickness: initial; text-decoration-style: initial; text-decoration-color: initial;\">Our mission is simple \u2013 to make your search for the perfect AI tool effortless. We understand that finding the right tool can be a daunting task, especially with the vast array of options available today. That\u2019s why we\u2019ve created a comprehensive list of the best AI tools out there, complete with detailed reviews and analysis.<\/span><span style=\"caret-color: #242424; color: #242424; font-family: 'Fira Sans', system-ui, -apple-system, 'Segoe UI', Roboto, 'Helvetica Neue', Arial, 'Noto Sans', sans-serif, 'Apple Color Emoji', 'Segoe UI Emoji', 'Segoe UI Symbol', 'Noto Color Emoji'; font-size: 18px;\"><br \/><\/span><\/p><p>\u00a0<\/p>\t\t\t\t\t\t<\/div>\n\t\t\t\t<\/div>\n\t\t\t\t<\/div>\n\t\t<div class=\"elementor-element elementor-element-a6c1c56 e-con-full e-flex e-con e-child\" data-id=\"a6c1c56\" data-element_type=\"container\">\n\t\t\t\t<div class=\"elementor-element elementor-element-9e3c0a8 elementor-widget elementor-widget-image\" data-id=\"9e3c0a8\" data-element_type=\"widget\" data-widget_type=\"image.default\">\n\t\t\t\t<div class=\"elementor-widget-container\">\n\t\t\t<style>\/*! elementor - v3.20.0 - 20-03-2024 *\/\n.elementor-widget-image{text-align:center}.elementor-widget-image a{display:inline-block}.elementor-widget-image a img[src$=\".svg\"]{width:48px}.elementor-widget-image img{vertical-align:middle;display:inline-block}<\/style>\t\t\t\t\t\t\t\t\t\t<img fetchpriority=\"high\" decoding=\"async\" width=\"1024\" height=\"683\" src=\"https:\/\/intellitoolshub.com\/wp-content\/uploads\/2024\/02\/rm373batch5-18-scaled-1-1024x683.jpg\" class=\"attachment-large size-large wp-image-215\" alt=\"\" srcset=\"https:\/\/intellitoolshub.com\/wp-content\/uploads\/2024\/02\/rm373batch5-18-scaled-1-1024x683.jpg 1024w, https:\/\/intellitoolshub.com\/wp-content\/uploads\/2024\/02\/rm373batch5-18-scaled-1-300x200.jpg 300w, https:\/\/intellitoolshub.com\/wp-content\/uploads\/2024\/02\/rm373batch5-18-scaled-1-768x512.jpg 768w, https:\/\/intellitoolshub.com\/wp-content\/uploads\/2024\/02\/rm373batch5-18-scaled-1-1536x1024.jpg 1536w, https:\/\/intellitoolshub.com\/wp-content\/uploads\/2024\/02\/rm373batch5-18-scaled-1-2048x1366.jpg 2048w, https:\/\/intellitoolshub.com\/wp-content\/uploads\/2024\/02\/rm373batch5-18-scaled-1-600x400.jpg 600w\" sizes=\"(max-width: 1024px) 100vw, 1024px\" \/>\t\t\t\t\t\t\t\t\t\t\t\t\t<\/div>\n\t\t\t\t<\/div>\n\t\t\t\t<\/div>\n\t\t\t\t\t<\/div>\n\t\t\t\t<\/div>\n\t\t<div class=\"elementor-element elementor-element-6543814 e-flex e-con-boxed e-con e-parent\" data-id=\"6543814\" data-element_type=\"container\" data-core-v316-plus=\"true\">\n\t\t\t\t\t<div class=\"e-con-inner\">\n\t\t<div class=\"elementor-element elementor-element-4610508 e-con-full e-flex e-con e-child\" data-id=\"4610508\" data-element_type=\"container\">\n\t\t\t\t<div class=\"elementor-element elementor-element-9bc55df elementor-widget__width-auto elementor-widget elementor-widget-image\" data-id=\"9bc55df\" data-element_type=\"widget\" data-widget_type=\"image.default\">\n\t\t\t\t<div class=\"elementor-widget-container\">\n\t\t\t\t\t\t\t\t\t\t\t\t\t<img decoding=\"async\" width=\"509\" height=\"339\" src=\"https:\/\/intellitoolshub.com\/wp-content\/uploads\/2024\/02\/istockphoto-1364859722-170667a.jpg\" class=\"attachment-large size-large wp-image-242\" alt=\"\" srcset=\"https:\/\/intellitoolshub.com\/wp-content\/uploads\/2024\/02\/istockphoto-1364859722-170667a.jpg 509w, https:\/\/intellitoolshub.com\/wp-content\/uploads\/2024\/02\/istockphoto-1364859722-170667a-300x200.jpg 300w\" sizes=\"(max-width: 509px) 100vw, 509px\" \/>\t\t\t\t\t\t\t\t\t\t\t\t\t<\/div>\n\t\t\t\t<\/div>\n\t\t\t\t<\/div>\n\t\t<div class=\"elementor-element elementor-element-33b395d e-con-full e-flex e-con e-child\" data-id=\"33b395d\" data-element_type=\"container\">\n\t\t\t\t<div class=\"elementor-element elementor-element-9f61de3 elementor-widget elementor-widget-text-editor\" data-id=\"9f61de3\" data-element_type=\"widget\" data-widget_type=\"text-editor.default\">\n\t\t\t\t<div class=\"elementor-widget-container\">\n\t\t\t\t\t\t\t<div class=\"elementor-element elementor-element-9ebb8f1 elementor-widget elementor-widget-text-editor\" style=\"gap: var(--gap); width: 520px; margin-block-end: 20px; font-size: 18px; line-height: 28px; color: #242424; font-family: 'Fira Sans', system-ui, -apple-system, 'Segoe UI', Roboto, 'Helvetica Neue', Arial, 'Noto Sans', sans-serif, 'Apple Color Emoji', 'Segoe UI Emoji', 'Segoe UI Symbol', 'Noto Color Emoji'; font-variant-ligatures: normal; orphans: 2; widows: 2; text-decoration-thickness: initial; text-decoration-style: initial; text-decoration-color: initial;\" data-id=\"9ebb8f1\" data-element_type=\"widget\" data-widget_type=\"text-editor.default\"><div class=\"elementor-widget-container\" style=\"transition: background 0.3s,border 0.3s,border-radius 0.3s,box-shadow 0.3s,transform var(--e-transform-transition-duration,0.4s);\"><p><span style=\"vertical-align: inherit;\"><span style=\"vertical-align: inherit;\">Chez IntelliTools Hub, notre objectif n&#8217;est pas seulement de vous fournir une liste d&#8217;outils.\u00a0<\/span><span style=\"vertical-align: inherit;\">Nous nous engageons \u00e0 vous aider \u00e0 trouver l&#8217;outil adapt\u00e9 \u00e0 vos besoins sp\u00e9cifiques.\u00a0<\/span><span style=\"vertical-align: inherit;\">Que vous recherchiez un outil pour rationaliser votre flux de travail, optimiser vos efforts marketing ou am\u00e9liorer votre exp\u00e9rience client, nous avons ce qu&#8217;il vous faut.<\/span><\/span><\/p><\/div><\/div><div class=\"elementor-element elementor-element-0f69b11 elementor-widget elementor-widget-text-editor\" style=\"gap: var(--gap); width: 520px; font-size: 18px; line-height: 28px; color: #242424; font-family: 'Fira Sans', system-ui, -apple-system, 'Segoe UI', Roboto, 'Helvetica Neue', Arial, 'Noto Sans', sans-serif, 'Apple Color Emoji', 'Segoe UI Emoji', 'Segoe UI Symbol', 'Noto Color Emoji'; font-variant-ligatures: normal; orphans: 2; widows: 2; text-decoration-thickness: initial; text-decoration-style: initial; text-decoration-color: initial;\" data-id=\"0f69b11\" data-element_type=\"widget\" data-widget_type=\"text-editor.default\"><div class=\"elementor-widget-container\" style=\"transition: background 0.3s,border 0.3s,border-radius 0.3s,box-shadow 0.3s,transform var(--e-transform-transition-duration,0.4s);\"><p><span style=\"vertical-align: inherit;\"><span style=\"vertical-align: inherit;\">Nous comprenons l&#8217;importance de prendre des d\u00e9cisions \u00e9clair\u00e9es, c&#8217;est pourquoi nous vous proposons des examens approfondis de chaque outil, mettant en \u00e9vidence leurs caract\u00e9ristiques, leurs avantages et leurs inconv\u00e9nients.\u00a0<\/span><span style=\"vertical-align: inherit;\">Nous vous offrons \u00e9galement la possibilit\u00e9 d&#8217;acheter ces outils directement via notre site Web, afin que vous puissiez commencer imm\u00e9diatement votre voyage vers l&#8217;IA.<\/span><\/span><\/p><\/div><\/div>\t\t\t\t\t\t<\/div>\n\t\t\t\t<\/div>\n\t\t\t\t<\/div>\n\t\t\t\t\t<\/div>\n\t\t\t\t<\/div>\n\t\t<div class=\"elementor-element elementor-element-5a2145e e-flex e-con-boxed e-con e-parent\" data-id=\"5a2145e\" data-element_type=\"container\" data-core-v316-plus=\"true\">\n\t\t\t\t\t<div class=\"e-con-inner\">\n\t\t\t\t<div class=\"elementor-element elementor-element-bae245b elementor-widget elementor-widget-text-editor\" data-id=\"bae245b\" data-element_type=\"widget\" data-widget_type=\"text-editor.default\">\n\t\t\t\t<div class=\"elementor-widget-container\">\n\t\t\t\t\t\t\t<div class=\"elementor-element elementor-element-4a6eb91 elementor-widget elementor-widget-text-editor\" style=\"gap: var(--gap); width: 1080px; margin-block-end: 20px; font-size: 18px; line-height: 28px; margin-bottom: 0px; color: #242424; font-family: 'Fira Sans', system-ui, -apple-system, 'Segoe UI', Roboto, 'Helvetica Neue', Arial, 'Noto Sans', sans-serif, 'Apple Color Emoji', 'Segoe UI Emoji', 'Segoe UI Symbol', 'Noto Color Emoji'; font-variant-ligatures: normal; orphans: 2; widows: 2; text-decoration-thickness: initial; text-decoration-style: initial; text-decoration-color: initial;\" data-id=\"4a6eb91\" data-element_type=\"widget\" data-widget_type=\"text-editor.default\"><div class=\"elementor-widget-container\" style=\"transition: background 0.3s,border 0.3s,border-radius 0.3s,box-shadow 0.3s,transform var(--e-transform-transition-duration,0.4s);\"><p><span style=\"vertical-align: inherit;\"><span style=\"vertical-align: inherit;\">Nous sommes fiers de fournir des critiques impartiales et honn\u00eates sur chaque outil, et notre \u00e9quipe s&#8217;engage \u00e0 maintenir notre plateforme \u00e0 jour avec les derniers d\u00e9veloppements de l&#8217;IA.\u00a0<\/span><span style=\"vertical-align: inherit;\">Nous croyons \u00e9galement en la transparence, c&#8217;est pourquoi nous divulguons nos partenariats d&#8217;affiliation avec les outils que nous proposons.<\/span><\/span><\/p><\/div><\/div><div class=\"elementor-element elementor-element-2280dad elementor-widget elementor-widget-text-editor\" style=\"gap: var(--gap); width: 1080px; font-size: 18px; line-height: 28px; color: #242424; font-family: 'Fira Sans', system-ui, -apple-system, 'Segoe UI', Roboto, 'Helvetica Neue', Arial, 'Noto Sans', sans-serif, 'Apple Color Emoji', 'Segoe UI Emoji', 'Segoe UI Symbol', 'Noto Color Emoji'; font-variant-ligatures: normal; orphans: 2; widows: 2; text-decoration-thickness: initial; text-decoration-style: initial; text-decoration-color: initial;\" data-id=\"2280dad\" data-element_type=\"widget\" data-widget_type=\"text-editor.default\"><div class=\"elementor-widget-container\" style=\"transition: background 0.3s,border 0.3s,border-radius 0.3s,box-shadow 0.3s,transform var(--e-transform-transition-duration,0.4s);\"><p><span style=\"vertical-align: inherit;\"><span style=\"vertical-align: inherit;\">Merci d&#8217;avoir visit\u00e9 IntelliTools Hub.\u00a0<\/span><span style=\"vertical-align: inherit;\">Nous esp\u00e9rons \u00eatre votre ressource incontournable pour tout ce qui concerne l\u2019IA, et nous sommes impatients de vous aider \u00e0 trouver l\u2019outil parfait pour vos besoins.<\/span><\/span><\/p><\/div><\/div>\t\t\t\t\t\t<\/div>\n\t\t\t\t<\/div>\n\t\t\t\t\t<\/div>\n\t\t\t\t<\/div>\n\t\t<div class=\"elementor-element elementor-element-386fe64 e-flex e-con-boxed e-con e-parent\" data-id=\"386fe64\" data-element_type=\"container\" data-core-v316-plus=\"true\">\n\t\t\t\t\t<div class=\"e-con-inner\">\n\t\t\t\t<div class=\"elementor-element elementor-element-233e756 elementor-widget elementor-widget-spacer\" data-id=\"233e756\" data-element_type=\"widget\" data-widget_type=\"spacer.default\">\n\t\t\t\t<div class=\"elementor-widget-container\">\n\t\t\t<style>\/*! elementor - v3.20.0 - 20-03-2024 *\/\n.elementor-column .elementor-spacer-inner{height:var(--spacer-size)}.e-con{--container-widget-width:100%}.e-con-inner>.elementor-widget-spacer,.e-con>.elementor-widget-spacer{width:var(--container-widget-width,var(--spacer-size));--align-self:var(--container-widget-align-self,initial);--flex-shrink:0}.e-con-inner>.elementor-widget-spacer>.elementor-widget-container,.e-con>.elementor-widget-spacer>.elementor-widget-container{height:100%;width:100%}.e-con-inner>.elementor-widget-spacer>.elementor-widget-container>.elementor-spacer,.e-con>.elementor-widget-spacer>.elementor-widget-container>.elementor-spacer{height:100%}.e-con-inner>.elementor-widget-spacer>.elementor-widget-container>.elementor-spacer>.elementor-spacer-inner,.e-con>.elementor-widget-spacer>.elementor-widget-container>.elementor-spacer>.elementor-spacer-inner{height:var(--container-widget-height,var(--spacer-size))}.e-con-inner>.elementor-widget-spacer.elementor-widget-empty,.e-con>.elementor-widget-spacer.elementor-widget-empty{position:relative;min-height:22px;min-width:22px}.e-con-inner>.elementor-widget-spacer.elementor-widget-empty .elementor-widget-empty-icon,.e-con>.elementor-widget-spacer.elementor-widget-empty .elementor-widget-empty-icon{position:absolute;top:0;bottom:0;left:0;right:0;margin:auto;padding:0;width:22px;height:22px}<\/style>\t\t<div class=\"elementor-spacer\">\n\t\t\t<div class=\"elementor-spacer-inner\"><\/div>\n\t\t<\/div>\n\t\t\t\t<\/div>\n\t\t\t\t<\/div>\n\t\t\t\t\t<\/div>\n\t\t\t\t<\/div>\n\t\t\t\t<\/div>\n\t\t","protected":false},"excerpt":{"rendered":"<p>OUR STORY About Our Website Welcome to IntelliTools Hub! We are a platform dedicated to providing you with the latest and most innovative AI tools available on the market today. Our team is passionate about technology and understands the growing need for businesses and individuals to integrate AI into their daily operations. Our mission is [&hellip;]<\/p>\n","protected":false},"author":1,"featured_media":0,"parent":0,"menu_order":0,"comment_status":"closed","ping_status":"closed","template":"elementor_header_footer","meta":{"_eb_attr":"","om_disable_all_campaigns":false,"_monsterinsights_skip_tracking":false,"_monsterinsights_sitenote_active":false,"_monsterinsights_sitenote_note":"","_monsterinsights_sitenote_category":0,"footnotes":""},"aioseo_notices":[],"_links":{"self":[{"href":"https:\/\/intellitoolshub.com\/index.php\/wp-json\/wp\/v2\/pages\/208"}],"collection":[{"href":"https:\/\/intellitoolshub.com\/index.php\/wp-json\/wp\/v2\/pages"}],"about":[{"href":"https:\/\/intellitoolshub.com\/index.php\/wp-json\/wp\/v2\/types\/page"}],"author":[{"embeddable":true,"href":"https:\/\/intellitoolshub.com\/index.php\/wp-json\/wp\/v2\/users\/1"}],"replies":[{"embeddable":true,"href":"https:\/\/intellitoolshub.com\/index.php\/wp-json\/wp\/v2\/comments?post=208"}],"version-history":[{"count":49,"href":"https:\/\/intellitoolshub.com\/index.php\/wp-json\/wp\/v2\/pages\/208\/revisions"}],"predecessor-version":[{"id":272,"href":"https:\/\/intellitoolshub.com\/index.php\/wp-json\/wp\/v2\/pages\/208\/revisions\/272"}],"wp:attachment":[{"href":"https:\/\/intellitoolshub.com\/index.php\/wp-json\/wp\/v2\/media?parent=208"}],"curies":[{"name":"wp","href":"https:\/\/api.w.org\/{rel}","templated":true}]}}